of 55554?
5
What is the hundreds digit of 181?
1
What is the hundreds digit of 5005?
0
What is the thousands digit of 5006?
5
What is the tens digit of 1856?
5
What is the thousands digit of 19428?
9
What is the tens digit of 848?
4
What is the ten thousands digit of 19201?
1
What is the units digit of 102?
2
What is the hundreds digit of 323?
3
What is the tens digit of 2884?
8
What is the units digit of 95?
5
What is the thousands digit of 37533?
7
What is the hundreds digit of 5174?
1
What is the tens digit of 4847?
4
What is the hundreds digit of 12579?
5
What is the hundreds digit of 52678?
6
What is the units digit of 1636?
6
What is the units digit of 77840?
0
What is the units digit of 115372?
2
What is the tens digit of 223?
2
What is the hundreds digit of 4777?
7
What is the ten thousands digit of 19847?
1
What is the hundreds digit of 251?
2
What is the hundreds digit of 490?
4
What is the hundreds digit of 141?
1
What is the hundreds digit of 2258?
2
What is the tens digit of 8731?
3
What is the tens digit of 11477?
7
What is the thousands digit of 1381?
1
What is the units digit of 3771?
1
What is the hundreds digit of 5848?
8
What is the tens digit of 567?
6
What is the hundreds digit of 28504?
5
What is the thousands digit of 5313?
5
What is the hundreds digit of 560?
5
What is the hundreds digit of 1453?
4
What is the hundreds digit of 5042?
0
What is the tens digit of 27260?
6
What is the tens digit of 2064?
6
What is the tens digit of 488?
8
What is the units digit of 833?
3
What is the tens digit of 9585?
8
What is the tens digit of 190?
9
What is the units digit of 22847?
7
What is the units digit of 492?
2
What is the units digit of 343?
3
What is the units digit of 788?
8
What is the units digit of 798?
8
What is the tens digit of 37150?
5
What is the hundreds digit of 160321?
3
What is the hundred thousands digit of 158279?
1
What is the thousands digit of 35456?
5
What is the units digit of 133?
3
What is the thousands digit of 6694?
6
What is the hundreds digit of 1508?
5
What is the hundreds digit of 2786?
7
What is the tens digit of 46456?
5
What is the units digit of 456?
6
What is the thousands digit of 5940?
5
What is the ten thousands digit of 47304?
4
What is the thousands digit of 1119?
1
What is the tens digit of 52180?
8
What is the hundreds digit of 2986?
9
What is the units digit of 1899?
9
What is the tens digit of 1037?
3
What is the units digit of 1943?
3
What is the ten thousands digit of 46015?
4
What is the units digit of 495?
5
What is the hundreds digit of 239?
2
What is the thousands digit of 17676?
7
What is the tens digit of 5509?
0
What is the units digit of 3398?
8
What is the units digit of 6918?
8
What is the thousands digit of 5015?
5
What is the hundreds digit of 983?
9
What is the tens digit of 6463?
6
What is the hundreds digit of 2055?
0
What is the hundreds digit of 7284?
2
What is the tens digit of 3404?
0
What is the units digit of 298?
8
What is the ten thousands digit of 21277?
2
What is the tens digit of 2133?
3
What is the tens digit of 1863?
6
What is the tens digit of 1334?
3
What is the tens digit of 28645?
4
What is the units digit of 50759?
9
What is the thousands digit of 6793?
6
What is the hundreds digit of 2801?
8
What is the hundreds digit of 68243?
2
What is the thousands digit of 8622?
8
What is the tens digit of 1957?
5
What is the units digit of 18128?
8
What is the hundreds digit of 5206?
2
What is the units digit of 333?
3
What is the thousands digit of 4287?
4
What is the hundreds digit of 51212?
2
What is the units digit of 579?
9
What is the hundreds digit of 2545?
5
What is the ten thousands digit of 199634?
9
What is the ten thousands digit of 52362?
5
What is the tens digit of 14926?
2
What is the hundreds digit of 1197?
1
What is the ten thousands digit of 21559?
2
What is the units digit of 2984?
4
What is the units digit of 294?
4
What is the units digit of 1156?
6
What is the ten thousands digit of 58757?
5
What is the hundreds digit of 2354?
3
What is the units digit of 2318?
8
What is the thousands digit of 68860?
8
What is the hundreds digit of 13340?
3
What is the tens digit of 9955?
5
What is the thousands digit of 6685?
6
What is the ten thousands digit of 13099?
1
What is the units digit of 12046?
6
What is the units digit of 6931?
1
What is the thousands digit of 4123?
4
What is the ten thousands digit of 27894?
2
What is the units digit of 29681?
1
What is the thousands digit of 5596?
5
What is the thousands digit of 17739?
7
What is the units digit of 724?
4
What is the thousands digit of 2569?
2
What is the tens digit of 2794?
9
What is the tens digit of 121?
2
What is the tens digit of 820?
2
What is the units digit of 778?
8
What is the thousands digit of 32422?
2
What is the thousands digit of 28296?
8
What is the hundreds digit of 380?
3
What is the thousands digit of 21427?
1
What is the hundred thousands digit of 129662?
1
What is the tens digit of 1137?
3
What is the units digit of 1207?
7
What is the tens digit of 419?
1
What is the tens digit of 3078?
7
What is the hundreds digit of 63195?
1
What is the tens digit of 29974?
7
What is the hundreds digit of 123?
1
What is the thousands digit of 26392?
6
What is the units digit of 4933?
3
What is the hundreds digit of 269?
2
What is the tens digit of 1532?
3
What is the ten thousands digit of 54708?
5
What is the ten thousands digit of 21162?
2
What is the thousands digit of 47495?
7
What is the thousands digit of 2708?
2
What is the tens digit of 1465?
6
What is the ten thousands digit of 27209?
2
What is the units digit of 398?
8
What is the thousands digit of 8710?
8
What is the units digit of 2379?
9
What is the hundreds digit of 19763?
7
What is the tens digit of 39613?
1
What is the units digit of 19358?
8
What is the hundreds digit of 2451?
4
What is the hundreds digit of 4400?
4
What is the tens digit of 434?
3
What is the tens digit of 37434?
3
What is the units digit of 448?
8
What is the units digit of 4705?
5
What is the hundreds digit of 51976?
9
What is the thousands digit of 2865?
2
What is the hundreds digit of 11033?
0
What is the tens digit of 126?
2
What is the hundreds digit of 348?
3
What is the hundreds digit of 4926?
9
What is the thousands digit of 4567?
4
What is the hundreds digit of 25325?
3
What is the hundreds digit of 881?
8
What is the tens digit of 30450?
5
What is the tens digit of 1437?
3
What is the tens digit of 34132?
3
What is the hundreds digit of 2288?
2
What is the thousands digit of 2299?
2
What is the thousands digit of 49029?
9
What is the tens digit of 7930?
3
What is the tens digit of 20744?
4
What is the tens digit of 736?
3
What is the hundreds digit of 288?
2
What is the tens digit of 11707?
0
What is the thousands digit of 39738?
9
What is the thousands digit of 6450?
6
What is the hundreds digit of 99622?
6
What is the units digit of 592?
2
What is the units digit of 146041?
1
What is the hundreds digit of 119413?
4
What is the tens digit of 207?
0
What is the units digit of 3258?
8
What is the tens digit of 982?
8
What is the ten thousands digit of 41568?
4
What is the hundreds digit of 41605?
6
What is the thousands digit of 1554?
1
What is the hundreds digit of 1511?
5
What is the units digit of 530?
0
What is the hundreds digit of 1618?
6
What is the thousands digit of 37141?
7
What is the thousands digit of 42975?
2
What is the units digit of 7706?
6
What is the hundreds digit of 17371?
3
What is the units digit of 1743?
3
What is the thousands digit of 41307?
1
What is the units digit of 7584?
4
What is the hundreds digit of 39401?
4
What is the thousands digit of 5607?
5
What is the thousands digit of 20104?
0
What is the units digit of 48874?
4
What is the tens digit of 4029?
2
What is the ten thousands digit of 12729?
1
What is the tens digit of 24092?
9
What is the hundreds digit of 62840?
8
What is the units digit of 1198?
8
What is the units digit of 2756?
6
What is the tens digit of 1255?
5
What is the tens digit of 5175?
7
What is the units digit of 6339?
9
What is the hundreds digit of 13488?
4
What is the units digit of 10294?
4
What is the units digit of 680?
0
What is the units digit of 286?
6
What is the tens digit